he tens digit of w?
3
Let z be ((-4716)/(-7))/(-6)*-7. Let h = z - 157. What is the hundreds digit of h?
6
Let n = -8543 + 19137. What is the units digit of n?
4
Let l be (-4)/10 + (9 - 108/30). Suppose -i + 2808 = l*i. What is the hundreds digit of i?
4
Suppose 36 = -15*m + 2001. Suppose m*b - 1200 = 127*b. What is the units digit of b?
0
Let i(s) = 3*s**2 + 2*s + 34. Let j be i(-11). Let p = -520 - -256. Let z = p + j. What is the hundreds digit of z?
1
Suppose 4*k - 5*k - 6 = -2*w, -2*w - 3*k = -22. Suppose 440*n + 3003 = 447*n. Suppose -5*f + 543 = v, v = -f + w*f - n. What is the hundreds digit of f?
1
Suppose 0 = -5*t + 5*x - 7*x + 4366, 4*x = -4*t + 3500. Let p = -452 + t. What is the hundreds digit of p?
4
Let y = -5474 - -8958. What is the tens digit of y?
8
Suppose 5*k - 160 = 5*m, -24*m + 27*m = -k - 108. Let s(a) = -17*a + 159. What is the tens digit of s(m)?
5
Let m be (-2)/(-4) - (-1975)/10. Suppose 0 = j - 5*j. Suppose -7*a + a + m = j. What is the units digit of a?
3
Suppose 0 = w - 3*w + 2, -4*u + 103 = -5*w. What is the units digit of -2 + (-9)/(u/(-2094))?
6
Let p be 84/22 - 6/(-33). Suppose -p*v - 614 = -1890. What is the tens digit of v?
1
Let u be 1 - 15/(-2)*-4. Suppose -4*l + 4*b + 224 = 0, 0 = -4*l + 23*b - 27*b + 248. Let v = u + l. What is the tens digit of v?
3
Suppose 6*l - 28138 = 9332. What is the tens digit of l?
4
Let n(v) = -20*v - 315. Let r be n(-16). Suppose -4*c - 2*t + 4475 = -r*t, -5*c + 2*t = -5585. What is the hundreds digit of c?
1
Suppose -9*b = -12*b + 864. Let q = 1114 + b. What is the tens digit of q?
0
Let a(m) = -m**3 + 10*m**2 - 11. Suppose 6*s = 14*s + 416. Let y = -43 - s. What is the tens digit of a(y)?
7
Suppose 0*f - 13 = -f. Let c = 73 + -73. Suppose n - 60 + f = c. What is the units digit of n?
7
Let q(u) = 103*u + 56. Let l be q(5). Suppose 568*h + 1725 = l*h. What is the hundreds digit of h?
5
Suppose -272*h + 273*h = -6, 3*h = 4*o - 103110. What is the thousands digit of o?
5
Suppose k + 9 = 3*t - 4*t, -5*k - 2*t - 57 = 0. Let o(j) = 2*j**2 + 4*j - 65. What is the tens digit of o(k)?
2
Suppose 3*i + 26 = -5*h + 760, -3*h + 5*i + 454 = 0. Let m = -140 + h. What is the units digit of m?
8
Let o = -15421 - -25597. What is the tens digit of o?
7
Let d = -13007 + 20046. What is the hundreds digit of d?
0
Let i(o) be the first derivative of -o**4 - 5*o**3/3 - o**2/2 + 13. Let r(h) = -4*h + 9. Let u be r(3). What is the units digit of i(u)?
6
Let w(l) = -l**3 + 12*l**2 - 2*l + 11. Let o be w(12). Let a = o + 85. What is the units digit of a?
2
Suppose -i - 2*m = -9 - 88, 0 = -2*i - m + 203. Let o = i + -98. Suppose 51 = x + o. What is the units digit of x?
6
Let x(k) = -k**3 + 15*k**2 - 8*k + 11. Suppose -47*v + 25*v = -198. What is the hundreds digit of x(v)?
4
Let x(s) = 4*s**2 + 6*s - 30. Let g be x(5). Suppose -6*v + 3310 - g = 0. What is the hundreds digit of v?
5
Suppose -22*p + 248290 - 46022 = 0. What is the tens digit of p?
9
Suppose -202 + 211 = 9*h. Let d(g) = 497*g - 2. What is the hundreds digit of d(h)?
4
Let k be 2/(((-21)/105)/(2/(-5))). Suppose -6*v + k*v + 5*g + 2549 = 0, 0 = 3*v - 3*g - 3810. What is the tens digit of v?
6
Let t(b) = 441*b**2 + 1422*b + 12699. What is the units digit of t(-9)?
2
Suppose 4*d + d = 20. Suppose -1 - 35 = -12*c. Suppose -c*z = d*n - 500, -3*z + 674 = z - 2*n. What is the units digit of z?
8
Let m(l) = -l**3 - 7*l**2 - 3*l - 14. Suppose -3 = -g - 4*a - 18, 3*g + 25 = -2*a. Let x be m(g). Suppose x*h - 809 - 94 = 0. What is the hundreds digit of h?
1
Suppose -2*k + 2*x = -218, 4*x = -2*k + 2*x + 214. Suppose 17*a - 476 = -102. Suppose k + a = 5*y. What is the tens digit of y?
2
Let l = 643 - 643. Suppose l = 28*b - 10358 - 20414. What is the tens digit of b?
9
Let z be 9/(-21) + 44/56*376. Suppose -3*p + z = -1844. What is the units digit of p?
3
Suppose -3336 = -96*b + 88*b. Suppose -4589 = -4*f - b. What is the hundreds digit of f?
0
Suppose -5*b + 2*i = -75, -2*b - 59 = -4*b - 5*i. Suppose 2664 = 14*c - 1522. Suppose -c + b = -6*f. What is the tens digit of f?
4
Let l = -838 - -861. Suppose l*g - 9*g - 22890 = 0. What is the hundreds digit of g?
6
Let s be 1*4/4 - -19. Suppose s*f - 8303 = -3*f. What is the hundreds digit of f?
3
Let j be (14/28)/((-1)/(-6)). Suppose 3*a + 2*q = -17, a = 3*q + 1 - j. What is the tens digit of a - (0 + -4 + -85)?
8
Suppose 1 = -3*s - 4*u, 5*s - 2*u = 9*s - 2. Let j(n) = 555*n**2 - 5*n + 4. What is the units digit of j(s)?
4
Let z(f) = 24*f**2 - 9*f + 33. What is the units digit of z(8)?
7
Let y(m) = 5*m**2 - 92*m + 16. Let l be y(16). What is the units digit of (-20)/(2 + (-700)/l + -6)?
0
Let u(o) = 3*o**2 + 72*o + 671. What is the hundreds digit of u(-61)?
4
Suppose -13*b + 1194 = 10905. Let t = -119 - b. What is the units digit of t?
8
Suppose -4*h + 194902 = 2*y, -4*y + 194882 = 4*h - 6*y. What is the ten thousands digit of h?
4
Suppose -18*s = -21*s + 6. Suppose -s*t - 1516 = -2*m, 11*t - 10*t + 3798 = 5*m. What is the hundreds digit of m?
7
Let u(z) = 7*z**2 - z + 21. Let s = 0 + 25. Suppose -2*g = -7*g - s. What is the tens digit of u(g)?
0
Let u(g) = 5419 + 3*g**2 - 5*g**2 - 28*g - 5440. Let y be u(-13). Suppose -y*q = -6*q + 61. What is the tens digit of q?
6
Let v = 51 + -25. Let w(c) = -15*c - v + 0*c + 0*c. What is the hundreds digit of w(-9)?
1
Suppose -79*m - 32 = -83*m. Let b(g) = g**3 - 6*g**2 - 19*g - 4. Let n be b(m). Let o = n + 46. What is the units digit of o?
8
Let t be (-843)/(-1*(8/(-4) + 3)). Let j = t + -277. What is the units digit of j?
6
Let g(v) = 91*v + 5977. What is the tens digit of g(7)?
1
Let d be (8 - -4)*9/1. Let i = d + -69. Let c = i - 13. What is the units digit of c?
6
Let h = -196 + 130. Let i = 154 + h. What is the tens digit of i?
8
Let u(g) = g**2 - 6*g - 4. Let m be u(-4). Let b be (3/(-6))/((-4)/(-32)). Let z = m + b. What is the units digit of z?
2
Suppose 42*k + 10840 = 48*k - 4046. What is the tens digit of k?
8
What is the units digit of ((-2)/15)/((-2)/(-31400))*11385/(-460)?
0
Let a = -36 - -62. Suppose 22*t = a*t - 320. Let y = 167 - t. What is the tens digit of y?
8
Let w(x) = 37*x**2 + 9*x + 23. Let t(n) = 17*n**2 + 4*n + 12. Let s(q) = -13*t(q) + 6*w(q). What is the units digit of s(8)?
2
Let k be (1*15)/(-1 + 4 + -2). What is the units digit of 2*(-5)/k + 1150/6?
1
Suppose -25 = 5*r, 0 = q - 2*r + 46 - 5. What is the units digit of (-10 - q)*(7 - 0)?
7
Let x(j) = 245*j**2 + 183*j - 3033. What is the units digit of x(14)?
9
Let g(s) be the first derivative of s**3 + 11*s**2/2 + 41*s - 39. What is the tens digit of g(6)?
1
Let u = -638 + 2043. Let g = -93 + u. What is the tens digit of g?
1
Let d(b) = -145*b + 11761. What is the thousands digit of d(-7)?
2
Let o = 597 - 572. What is the hundreds digit of (o/5)/5*1151?
1
Let o = -14 + 27. Suppose 10*f = o*f - 2*p - 305, -304 = -3*f + p. What is the hundreds digit of f?
1
Suppose -567344 - 199795 = -142*c + 57029. What is the hundreds digit of c?
8
What is the units digit of (-14 - -28) + -13 - -5241?
2
Suppose 3*r + 2*j = 17053, 4*j - 10109 = -3*r + 6936. What is the tens digit of r?
8
Let f be 4*(-1)/(-4) + 411. Suppose -3*j = -l - 309, 0 = 6*j - 2*j + 4*l - f. What is the units digit of j - (-2 - (-2)/2)?
4
Suppose 5*n + 304 - 1969 = 0. Let x = n - 773. What is the tens digit of (-1 + -2)*x/12?
1
What is the tens digit of (3/((-36)/(-14))*-4792)/((-2)/6)?
7
Suppose 20712 = 43*j - 15537. What is the units digit of j?
3
Let s(v) = 0*v**3 + 7*v**3 + 2*v**2 + 2*v + 3*v. Suppose 65*n + 101 - 296 = 0. What is the tens digit of s(n)?
2
Let v = 6241 + -5470. What is the hundreds digit of v?
7
Let o(d) = -21*d - 83. Let b be o(-4). Let r(a) = 285*a**2 - 2*a - 1. What is the units digit of r(b)?
2
Suppose 0 = s + 3 - 8. Suppose 5*r = -0*r - s. What is the tens digit of 117*r/2*112/(-42)?
5
Let i = 82 + -79. Suppose 2*s - i*t - 1 = 0, -2*s = 3*s - 2*t - 8. Suppose -200 = -s*r - 68. What is the tens digit of r?
6
Suppose -4*w = -3*t + 13814, -5*t + 94*w - 99*w = -23035. What is the units digit of t?
6
Let y = 46 - 46. Let n be y + (-2 - (-2 - 28)). Suppose -j = j - n. What is the units digit of j?
4
Suppose 198*m - 405*m + 911421 = 0. What is the hundreds digit of m?
4
Suppose 9*v = -38*v + 37835. Suppose 5*m =